e hundred millions digit of 324199505?
3
What is the billions digit of 1742335245?
1
What is the ten millions digit of 49205894?
4
What is the hundreds digit of 9663516?
5
What is the thousands digit of 21514437?
4
What is the ten thousands digit of 6055865761?
6
What is the ten millions digit of 991374150?
9
What is the millions digit of 53775654?
3
What is the thousands digit of 7044825?
4
What is the hundreds digit of 7604157?
1
What is the billions digit of 2497962809?
2
What is the units digit of 1019683531?
1
What is the hundreds digit of 970381464?
4
What is the hundreds digit of 45744261?
2
What is the hundreds digit of 50127560?
5
What is the millions digit of 56941825?
6
What is the units digit of 1022247527?
7
What is the hundred millions digit of 3971439423?
9
What is the millions digit of 105000589?
5
What is the hundreds digit of 1015194802?
8
What is the hundred thousands digit of 74905129?
9
What is the millions digit of 54801833?
4
What is the tens digit of 14770226?
2
What is the ten thousands digit of 800864997?
6
What is the ten thousands digit of 1865697786?
9
What is the ten thousands digit of 4304470?
0
What is the millions digit of 96100074?
6
What is the ten millions digit of 252467738?
5
What is the units digit of 3808424593?
3
What is the ten thousands digit of 37606111?
0
What is the tens digit of 716834474?
7
What is the millions digit of 301904503?
1
What is the thousands digit of 795882138?
2
What is the tens digit of 21861246?
4
What is the ten thousands digit of 42740661?
4
What is the hundreds digit of 2916176287?
2
What is the thousands digit of 155877519?
7
What is the hundreds digit of 528073438?
4
What is the tens digit of 49191501?
0
What is the ten millions digit of 1080134935?
8
What is the hundred thousands digit of 382026683?
0
What is the tens digit of 304198332?
3
What is the hundreds digit of 3373049788?
7
What is the hundred millions digit of 316588308?
3
What is the ten thousands digit of 29024944?
2
What is the tens digit of 127413447?
4
What is the tens digit of 206396704?
0
What is the hundred thousands digit of 41693823?
6
What is the tens digit of 433555054?
5
What is the ten millions digit of 38378487?
3
What is the millions digit of 221286004?
1
What is the ten millions digit of 690457135?
9
What is the units digit of 29893627?
7
What is the units digit of 11477410?
0
What is the ten thousands digit of 63827256?
2
What is the hundred millions digit of 782003767?
7
What is the thousands digit of 31674848?
4
What is the millions digit of 379588589?
9
What is the tens digit of 675768367?
6
What is the units digit of 147692304?
4
What is the tens digit of 157946030?
3
What is the ten millions digit of 146146923?
4
What is the tens digit of 62739456?
5
What is the tens digit of 2147107401?
0
What is the tens digit of 94276893?
9
What is the hundred thousands digit of 6551721286?
7
What is the ten thousands digit of 16331936?
3
What is the ten thousands digit of 925484955?
8
What is the tens digit of 5628109?
0
What is the tens digit of 133638554?
5
What is the hundred millions digit of 501202566?
5
What is the tens digit of 138348195?
9
What is the ten thousands digit of 4009466418?
6
What is the hundred millions digit of 644450069?
6
What is the units digit of 50483166?
6
What is the hundred millions digit of 366675469?
3
What is the units digit of 510627448?
8
What is the ten millions digit of 231092023?
3
What is the units digit of 190513882?
2
What is the units digit of 56556967?
7
What is the thousands digit of 227422837?
2
What is the hundreds digit of 5318728109?
1
What is the ten thousands digit of 75005192?
0
What is the millions digit of 696250396?
6
What is the millions digit of 181249303?
1
What is the thousands digit of 1063772920?
2
What is the millions digit of 1715849909?
5
What is the millions digit of 135319923?
5
What is the thousands digit of 350897392?
7
What is the units digit of 768479719?
9
What is the hundred millions digit of 635083094?
6
What is the ten thousands digit of 2286799175?
9
What is the hundred thousands digit of 7810985?
8
What is the units digit of 834252474?
4
What is the ten thousands digit of 337284680?
8
What is the units digit of 107907429?
9
What is the tens digit of 218634992?
9
What is the tens digit of 8893972?
7
What is the hundred thousands digit of 96601849?
6
What is the thousands digit of 118559595?
9
What is the hundred thousands digit of 450048?
4
What is the millions digit of 1304189947?
4
What is the hundreds digit of 93820620?
6
What is the ten millions digit of 2484706770?
8
What is the hundred millions digit of 3299744736?
2
What is the ten thousands digit of 18262416?
6
What is the hundred thousands digit of 953679378?
6
What is the ten thousands digit of 30706498?
0
What is the ten thousands digit of 104494159?
9
What is the tens digit of 1133954616?
1
What is the tens digit of 36361917?
1
What is the millions digit of 5102850558?
2
What is the hundred millions digit of 3240963043?
2
What is the tens digit of 400987442?
4
What is the ten millions digit of 540787585?
4
What is the millions digit of 37868089?
7
What is the ten millions digit of 206036068?
0
What is the units digit of 178754808?
8
What is the ten thousands digit of 967335804?
3
What is the ten millions digit of 3276190701?
7
What is the hundred millions digit of 5323480502?
3
What is the units digit of 1394084?
4
What is the millions digit of 1941594518?
1
What is the hundred millions digit of 188505681?
1
What is the thousands digit of 345556686?
6
What is the units digit of 22706443?
3
What is the thousands digit of 72409361?
9
What is the thousands digit of 4880337270?
7
What is the hundred thousands digit of 2845284115?
2
What is the ten thousands digit of 311744000?
4
What is the units digit of 247814455?
5
What is the thousands digit of 24334460?
4
What is the thousands digit of 106563569?
3
What is the millions digit of 115278482?
5
What is the ten thousands digit of 148765703?
6
What is the thousands digit of 45908582?
8
What is the hundreds digit of 162029334?
3
What is the ten millions digit of 482048492?
8
What is the hundred thousands digit of 600405776?
4
What is the hundred millions digit of 3376364098?
3
What is the ten thousands digit of 450942179?
4
What is the units digit of 815716357?
7
What is the tens digit of 880184543?
4
What is the ten millions digit of 76271508?
7
What is the ten millions digit of 197818136?
9
What is the hundred thousands digit of 263184620?
1
What is the units digit of 434622856?
6
What is the ten thousands digit of 666529037?
2
What is the units digit of 61353017?
7
What is the millions digit of 107398808?
7
What is the billions digit of 1022715011?
1
What is the thousands digit of 57906238?
6
What is the tens digit of 1056934699?
9
What is the units digit of 989818809?
9
What is the thousands digit of 1810736876?
6
What is the tens digit of 988999309?
0
What is the tens digit of 680649280?
8
What is the ten millions digit of 106167492?
0
What is the hundreds digit of 5686826896?
8
What is the tens digit of 65361270?
7
What is the ten thousands digit of 2380635798?
3
What is the units digit of 31475254?
4
What is the ten thousands digit of 120727987?
2
What is the units digit of 129930251?
1
What is the thousands digit of 648794986?
4
What is the units digit of 86802448?
8
What is the ten thousands digit of 518935176?
3
What is the thousands digit of 683334973?
4
What is the thousands digit of 432066411?
6
What is the millions digit of 1654409112?
4
What is the ten thousands digit of 30746367?
4
What is the hundred millions digit of 1144144371?
1
What is the units digit of 59395799?
9
What is the units digit of 9138079?
9
What is the hundreds digit of 1224827?
8
What is the millions digit of 1046891490?
6
What is the units digit of 80090296?
6
What is the millions digit of 183922940?
3
What is the units digit of 175432317?
7
What is the millions digit of 351749408?
1
What is the ten millions digit of 4209557946?
0
What is the units digit of 80581044?
4
What is the ten millions digit of 2756125923?
5
What is the ten thousands digit of 723489135?
8
What is the tens digit of 105613385?
8
What is the tens digit of 404860709